 1883?
8
What is the tens digit of 1160?
6
What is the hundreds digit of 92810?
8
What is the units digit of 46318?
8
What is the tens digit of 37668?
6
What is the hundreds digit of 25319?
3
What is the units digit of 31211?
1
What is the ten thousands digit of 25225?
2
What is the hundreds digit of 41043?
0
What is the units digit of 44565?
5
What is the tens digit of 10545?
4
What is the units digit of 960?
0
What is the hundreds digit of 549?
5
What is the thousands digit of 6631?
6
What is the hundreds digit of 439?
4
What is the hundreds digit of 1470?
4
What is the ten thousands digit of 86575?
8
What is the tens digit of 42714?
1
What is the hundreds digit of 896?
8
What is the units digit of 6865?
5
What is the tens digit of 862?
6
What is the thousands digit of 9200?
9
What is the units digit of 741?
1
What is the tens digit of 5315?
1
What is the hundreds digit of 87416?
4
What is the thousands digit of 1831?
1
What is the units digit of 1121?
1
What is the hundreds digit of 163?
1
What is the hundreds digit of 1771?
7
What is the hundreds digit of 3230?
2
What is the units digit of 55311?
1
What is the thousands digit of 87417?
7
What is the units digit of 7151?
1
What is the hundreds digit of 12286?
2
What is the thousands digit of 131244?
1
What is the tens digit of 680?
8
What is the hundreds digit of 15989?
9
What is the tens digit of 90813?
1
What is the thousands digit of 1991?
1
What is the tens digit of 2737?
3
What is the tens digit of 6230?
3
What is the thousands digit of 24373?
4
What is the hundreds digit of 3239?
2
What is the hundreds digit of 81141?
1
What is the tens digit of 30364?
6
What is the thousands digit of 1893?
1
What is the thousands digit of 1330?
1
What is the thousands digit of 22169?
2
What is the ten thousands digit of 29716?
2
What is the thousands digit of 2331?
2
What is the units digit of 8161?
1
What is the thousands digit of 69067?
9
What is the units digit of 52556?
6
What is the units digit of 74679?
9
What is the hundreds digit of 66427?
4
What is the thousands digit of 1770?
1
What is the thousands digit of 85423?
5
What is the units digit of 27943?
3
What is the thousands digit of 20114?
0
What is the ten thousands digit of 42241?
4
What is the tens digit of 14029?
2
What is the thousands digit of 2167?
2
What is the thousands digit of 2352?
2
What is the units digit of 139?
9
What is the hundreds digit of 2044?
0
What is the hundreds digit of 4428?
4
What is the tens digit of 1598?
9
What is the ten thousands digit of 71110?
7
What is the thousands digit of 1383?
1
What is the ten thousands digit of 47122?
4
What is the units digit of 847?
7
What is the units digit of 268?
8
What is the hundreds digit of 65680?
6
What is the thousands digit of 5186?
5
What is the hundreds digit of 16638?
6
What is the units digit of 14679?
9
What is the hundreds digit of 1848?
8
What is the hundreds digit of 54801?
8
What is the units digit of 6154?
4
What is the units digit of 84461?
1
What is the tens digit of 2291?
9
What is the hundreds digit of 126077?
0
What is the units digit of 97?
7
What is the tens digit of 153178?
7
What is the thousands digit of 48475?
8
What is the tens digit of 7005?
0
What is the thousands digit of 9139?
9
What is the thousands digit of 1128?
1
What is the hundreds digit of 12828?
8
What is the ten thousands digit of 19399?
1
What is the units digit of 1741?
1
What is the units digit of 7721?
1
What is the tens digit of 4145?
4
What is the hundreds digit of 671?
6
What is the hundreds digit of 6982?
9
What is the ten thousands digit of 75286?
7
What is the tens digit of 1422?
2
What is the tens digit of 2665?
6
What is the hundreds digit of 141623?
6
What is the tens digit of 633?
3
What is the thousands digit of 3547?
3
What is the units digit of 14969?
9
What is the hundreds digit of 43103?
1
What is the thousands digit of 11056?
1
What is the units digit of 1235?
5
What is the ten thousands digit of 77901?
7
What is the tens digit of 7142?
4
What is the hundreds digit of 629?
6
What is the units digit of 1470?
0
What is the ten thousands digit of 16062?
1
What is the thousands digit of 9770?
9
What is the tens digit of 480?
8
What is the tens digit of 33424?
2
What is the thousands digit of 6082?
6
What is the ten thousands digit of 45036?
4
What is the units digit of 3909?
9
What is the units digit of 24430?
0
What is the hundreds digit of 5214?
2
What is the hundreds digit of 68664?
6
What is the ten thousands digit of 23269?
2
What is the units digit of 1830?
0
What is the units digit of 20283?
3
What is the hundreds digit of 4236?
2
What is the thousands digit of 16413?
6
What is the ten thousands digit of 16721?
1
What is the units digit of 1996?
6
What is the hundreds digit of 276?
2
What is the thousands digit of 44988?
4
What is the thousands digit of 7942?
7
What is the hundreds digit of 1091?
0
What is the tens digit of 4161?
6
What is the hundreds digit of 2140?
1
What is the units digit of 45781?
1
What is the thousands digit of 17523?
7
What is the hundreds digit of 6172?
1
What is the hundreds digit of 5359?
3
What is the hundreds digit of 8832?
8
What is the tens digit of 350?
5
What is the thousands digit of 20393?
0
What is the tens digit of 8392?
9
What is the units digit of 1572?
2
What is the units digit of 19?
9
What is the tens digit of 101534?
3
What is the thousands digit of 50530?
0
What is the hundreds digit of 87496?
4
What is the hundreds digit of 16887?
8
What is the thousands digit of 9005?
9
What is the tens digit of 1628?
2
What is the thousands digit of 27044?
7
What is the units digit of 95?
5
What is the hundreds digit of 3320?
3
What is the hundreds digit of 1098?
0
What is the ten thousands digit of 108827?
0
What is the tens digit of 19169?
6
What is the tens digit of 1224?
2
What is the hundreds digit of 180?
1
What is the hundreds digit of 5198?
1
What is the thousands digit of 7736?
7
What is the tens digit of 916?
1
What is the tens digit of 1465?
6
What is the hundreds digit of 4949?
9
What is the thousands digit of 9612?
9
What is the thousands digit of 9391?
9
What is the ten thousands digit of 20549?
2
What is the tens digit of 3426?
2
What is the hundreds digit of 4593?
5
What is the hundreds digit of 597?
5
What is the thousands digit of 6850?
6
What is the units digit of 2018?
8
What is the units digit of 3440?
0
What is the units digit of 134520?
0
What is the thousands digit of 7605?
7
What is the tens digit of 8726?
2
What is the tens digit of 1704?
0
What is the thousands digit of 10833?
0
What is the hundred thousands digit of 103393?
1
What is the thousands digit of 14431?
4
What is the hundreds digit of 836?
8
What is the units digit of 38480?
0
What is the hundreds digit of 40618?
6
What is the tens digit of 8654?
5
What is the units digit of 1350?
0
What is the thousands digit of 18882?
8
What is the tens digit of 22652?
5
What is the units digit of 2487?
7
What is the thousands digit of 69942?
9
What is the hundreds digit of 866?
8
What is the hundreds digit of 2802?
8
What is the units digit of 513?
3
What is the units digit of 1032?
2
What is the thousands digit of 136490?
6
What is the units digit of 41250?
0
What is the tens digit of 24904?
0
What is the units digit of 762?
2
What is the units digit of 9307?
7
What is the tens digit of 340?
4
What is the tens digit of 18060?
6
What is the tens digit of 1346?
4
What is the units digit of 1609?
9
What is the tens digit of 12744?
4
What is the tens digit of 57?
5
What is the tens digit of 188?
8
What is the ten thousands digit of 118224?
1
What is the tens digit of 5311?
1
What is the hundreds digit of 6123?
1
What is the tens digit of 986?
8
What is the ten thousands digit of 12157?
1
What is the thousands digit of 2788?
2
What is the ten thousands digit of 47587?
4
What is the thousands digit of 48596?
8
What is the tens digit of 4975?
7
What is the hundreds digit of 9997?
9
What is the units digit of 12599?
9
What is the hundreds digit of 2999?
9
What is the units digit of 478?
8
What is the units digit of 65280?
0
What is the hundreds digit of 5415?
4
What is the hundreds digit of 1925?
9
What is the units digit of 383?
3
What is the thousands digit of